689. What is s(93)?
-116
Let p(i) = -i**3 + 26*i**2 - 28*i + 62. Determine p(24).
542
Let z(t) = 838*t + 9362. Give z(-12).
-694
Let a(i) = -2*i**3 - 1612*i**2 - 22164*i + 9509. What is a(-792)?
5
Let g(p) = -42884*p + 85175. Determine g(2).
-593
Let t(x) = -5*x**3 - 20*x**2 + 161*x + 34. What is t(-8)?
26
Let q(a) = 2603772*a + 7811314. Determine q(-3).
-2
Let g(f) = 36*f**2 + 2234*f - 586. Give g(-59).
-7076
Let g(s) = -4*s**2 + s + 441. What is g(12)?
-123
Let g(x) = -x**3 + 82*x**2 - 658*x + 4850. What is g(74)?
-34
Let i(a) = 5490*a + 367061. What is i(-67)?
-769
Let s(o) = 17*o**2 + 2890*o + 22260. Calculate s(-8).
228
Let f(z) = -35*z**3 - 1821*z**2 - 61*z - 453. Calculate f(-52).
15
Let d(m) = 5*m**2 + 2015*m - 282141. What is d(-513)?
9
Let h(s) = 14*s**2 + 259*s - 2056. What is h(6)?
2
Let r(o) = o**3 + 158*o**2 - 1677*o + 511. What is r(-168)?
7
Let n(b) = -804911*b - 8854037. Give n(-11).
-16
Let k(v) = 16843*v - 100711. What is k(6)?
347
Let a(m) = 11*m**3 - 1834*m**2 + 1327*m + 154. What is a(166)?
-12
Let n(x) = x**2 - 292*x + 19198. What is n(99)?
91
Let a(x) = 14*x**3 - 5*x**2 + 103*x - 242. Give a(3).
400
Let i(j) = 14*j - 2172. Calculate i(156).
12
Let b(h) = -h**2 - 41590*h + 207974. Calculate b(5).
-1
Let f(k) = -224*k**3 - 24*k**2 + 22*k + 5. What is f(1)?
-221
Let m(z) = 2*z**3 - 14*z**2 - 310*z + 120. Calculate m(17).
630
Let p(t) = 4*t**3 - 36*t**2 + 18*t - 222. Give p(7).
-488
Let n(t) = -4288*t + 956146. Give n(223).
-78
Let p(k) = 1714*k - 39370. Determine p(24).
1766
Let f(c) = -c**3 - 1117*c**2 - 20843*c - 7. Determine f(-19).
-368
Let c(b) = 2*b**3 - 1011*b**2 - 3551*b - 6041. What is c(509)?
67
Let x(c) = -348*c**2 - 1027*c + 43. What is x(-3)?
-8
Let t(v) = -v**2 + 161*v - 3358. Give t(25).
42
Let q(z) = z**2 - 274*z + 1603. What is q(6)?
-5
Let t(n) = 3*n**3 + 23*n**2 - 2628*n - 15904. What is t(-6)?
44
Let j(x) = -1638*x - 4737. Give j(-3).
177
Let b(c) = -c**2 + 23334*c + 1075490. What is b(-46)?
10
Let z(u) = u**3 - 86*u**2 + 1071*u - 4533. Give z(72).
3
Let t(g) = -g**2 - 2*g + 16823. Calculate t(128).
183
Let t(h) = -2*h**3 - 2*h**2 + 836*h + 125. What is t(20)?
45
Let v(g) = -96292*g + 1925843. Give v(20).
3
Let n(s) = 2*s**2 + 764*s + 40892. Determine n(-64).
188
Let o(l) = -37871*l - 681682. What is o(-18)?
-4
Let n(s) = -591*s**2 - 7676*s - 16. Determine n(-13).
-107
Let d(q) = q**3 - 10*q**2 - 76*q - 83. Give d(-5).
-78
Let g(z) = -48*z**3 + 766*z**2 + 66*z - 627. Give g(16).
-83
Let i(d) = d**3 + d**2 + 16*d - 317. Calculate i(0).
-317
Let b(d) = -281*d - 24353. What is b(-82)?
-1311
Let u(z) = z**2 + 101782*z - 2036027. Give u(20).
13
Let h(n) = 6474*n - 187575. Give h(29).
171
Let d(n) = -14879*n + 163925. Give d(11).
256
Let n(a) = -2*a**3 + 37*a**2 + 1310*a - 27. Calculate n(-18).
45
Let s(n) = -586*n - 9661. Calculate s(-13).
-2043
Let a(p) = -547*p**2 - 2664*p + 13. Determine a(-5).
-342
Let k(w) = w**3 + 66*w**2 + 216*w + 1841. Give k(-63).
140
Let u(y) = -y**3 - 94*y**2 + 2849*y + 345. Calculate u(-118).
-1661
Let t(o) = 3*o**3 + 70*o**2 - 62*o - 326. Determine t(-24).
10
Let b(j) = -j**3 + 38*j**2 - 237*j - 49. What is b(31)?
-669
Let z(o) = -18678*o - 242767. Calculate z(-13).
47
Let i(p) = 19*p - 11. Determine i(-49).
-942
Let d(k) = -20558*k - 2158594. Calculate d(-105).
-4
Let h(p) = -2*p**2 + 4206*p - 16798. Give h(4).
-6
Let g(l) = 94*l**2 - 319*l - 787. Give g(5).
-32
Let j(a) = a**3 + 89*a**2 - 999*a + 1497. Give j(8).
-287
Let k(o) = -2*o**2 - 4231*o - 2028688. Give k(-1381).
1
Let u(r) = r**2 - 13397*r + 280896. Give u(21).
0
Let z(g) = -34*g**3 + 38*g**2 + 145*g + 26. Calculate z(3).
-115
Let x(n) = -998*n - 232. What is x(4)?
-4224
Let k(b) = 15*b**2 + 3019*b + 9726. Give k(-198).
24
Let q(f) = 189*f + 48434. Give q(-256).
50
Let o(d) = -d**3 + 70*d**2 - 166*d + 6544. What is o(69)?
-149
Let h(q) = 2*q**3 + 101*q**2 + 497*q + 3809. What is h(-46)?
-9
Let i(b) = b**2 + 313*b + 8652. Calculate i(-29).
416
Let b(c) = -2*c**2 - 14192*c - 480189. Give b(-34).
27
Let n(s) = 7*s**2 - 981*s + 17623. Give n(119).
11
Let m(z) = 83296*z - 333140. Determine m(4).
44
Let r(t) = 3502*t + 213631. Give r(-61).
9
Let w(m) = m**2 + 28966*m - 1537998. Determine w(53).
9
Let b(z) = 2*z**3 - 284*z**2 + 830*z. Determine b(3).
-12
Let g(z) = -10*z**2 + 185*z - 359. Give g(16).
41
Let o(q) = -30*q**2 + 7633*q - 10869. What is o(253)?
10
Let z(y) = 16*y**2 - 756*y + 5520. Determine z(9).
12
Let b(c) = -3288*c - 559033. Determine b(-170).
-73
Let a(y) = -y**3 - 111*y**2 + 2627*y - 119. What is a(20)?
21
Let s(m) = m**3 - 16*m**2 - 53*m + 163. Give s(18).
-143
Let m(w) = -20*w**2 + 1412*w + 2824. Calculate m(-2).
-80
Let j(i) = -2*i**2 - 369*i + 27252. Determine j(-241).
19
Let c(w) = -168*w**2 - 26551*w - 353. What is c(-158)?
753
Let l(h) = -5*h**2 - 1320*h - 39145. Give l(-34).
-45
Let r(f) = -5*f**3 + 78*f**2 - 335*f + 7. Give r(5).
-343
Let n(f) = 345*f - 4537. What is n(13)?
-52
Let y(t) = 3*t**2 - 9662*t + 2961115. What is y(343)?
-4
Let i(l) = -3*l**2 + 16*l + 8507. Determine i(56).
-5
Let c(u) = u**3 + 3*u**2 - 1932*u + 1770. What is c(42)?
6
Let s(u) = 7130*u + 171040. What is s(-24)?
-80
Let q(p) = 199*p**2 + 2771*p - 147. Give q(-14).
63
Let c(k) = 13275*k - 106186. What is c(8)?
14
Let u(s) = 262783*s - 14715845. Give u(56).
3
Let h(m) = -m**3 + 372*m**2 - 29264*m - 650. Give h(259).
127
Let j(f) = -7*f**3 + 452*f**2 - 248*f - 513. What is j(64)?
-1
Let v(l) = -l**2 + 2860*l + 360711. What is v(-121)?
10
Let g(n) = n**2 + 3409*n + 17422. Determine g(-5).
402
Let s(r) = 61*r + 1186. Calculate s(-31).
-705
Let m(z) = 20*z**2 - 1733*z + 11453. Determine m(7).
302
Let h(c) = -12*c**2 - 154*c - 298. Determine h(-2).
-38
Let r(x) = -x**3 - 6*x**2 - 200*x - 1975. Calculate r(-10).
425
Let t(u) = u**3 - 11316*u**2 - 226720*u - 14. Give t(-20).
-14
Let o(x) = 335*x - 2523. Determine o(8).
157
Let p(s) = 12098*s - 19683453. Determine p(1627).
-7
Let q(s) = -3*s**3 - 7*s**2 + 705*s + 1422. Give q(-2).
8
Let i(u) = 2*u**2 + 400*u + 20133. What is i(-117)?
711
Let l(v) = -v**3 - 1222*v**2 + 4*v + 26. Give l(0).
26
Let x(t) = 789*t**2 - 22877*t - 7. What is x(29)?
109
Let h(w) = -w**2 - 291*w - 20666. Determine h(-164).
162
Let h(u) = -u**3 + 58*u**2 + 1110*u - 1110. Give h(73).
-15
Let v(b) = b**3 + 265*b**2 + 15403*b + 1059. Determine v(-179).
-552
Let o(f) = -977*f + 129954. Calculate o(133).
13
Let j(c) = 2*c**2 + 290*c - 4729. Determine j(-160).
71
Let s(u) = 2*u**2 - 62*u + 1402. Calculate s(16).
922
Let y(g) = 4056*g - 39081. Give y(9).
-2577
Let v(p) = -136*p - 4776. Give v(-42).
936
Let b(m) = m**3 - 12*m**2 - 658*m + 5882. What is b(28)?
2
Let c(x) = -55*x - 1043. What is c(13)?
-1758
Let n(f) = -98*f**3 + f**2 + 87*f + 87. Determine n(-1).
99
Let s(f) = -12049*f + 143674. Calculate s(12).
-914
Let q(c) = -21923*c + 219285. Calculate q(10).
55
Let i(h) = 3*h**3 + 18*h**2 + 22*h - 125. Determine i(-9).
-1052
Let f(g) = g**3 + 332*g**2 - 2003*g + 5. What is f(6)?
155
Let w(s) = 12950*s + 116548. Determine w(-9).
-2
Let n(z) = 3*z**3 - 22*z**2 - 34*z + 140. What is n(8)?
-4
Let w(s) = -s**3 - 2*s**2 + 147*s + 667. Determine w(-5).
7
Let f(q) = q**3 + 139*q**2 + 1159*q - 1426. Calculate f(-130).
4
Let v(r) = -44*r**3 - 126*r**2 + 26*r + 13. Calculate v(-3).
-11
Let b(m) = -9312*m + 55763. Determine b(6).
-109
Let z(p) = -789*p**2 - 44976*p - 98. Give z(-57).
73
Let l(k) = 30464*k + 548344. Calculate l(-18).
-8
Let l(o) = -20099*o + 80372. Give l(4).
-24
Let h(k) = 37*k**2 - 2697*k + 177. Determine h(73).
469
Let s(n) = n**3 - 23*n**2 + 77*n - 16. Calculate s(12).
-676
Let z(x) = -x**3 + 4*x**2 - 726*x - 2282. Determine z(-3).
-41
Let q(d) = -122*d**2 + 180*d + 353. Give q(-2).
-495
Let n(v) = -v**3 - 37*v**2 - 11*v - 27. Calculate n(-3).
-300
Let w(d) = -d**3 - 284*d**2 + 846*d + 159875. Determine w(-285).
-10
Let m(j) = j**2 - 255*j - 278097. Determine m(-415).
-47
Let q(n) = 150100*n - 13959300. Determine q(93).
0
Let x(h) = 620*h + 5624. Calculate x(-9).
44
Let a(j) = -11987*j + 3392501. What is a(283)?
180
Let b(n) = -12*n**3 + 101*n**2 - 120*n + 242. What is b(6)?
566
Let y(f) = -98695*f + 2368676. Determine y(24).
-4
Let i(g) = 1153*g - 152219. Determine i(132).
-23
Let g(p) = -2*p**2 - 11